3630?
False
Is 120 a factor of 19353733?
False
Is 27738655 a multiple of 398?
False
Does 10 divide 24113070?
True
Is 318 a factor of 325422282?
False
Does 89 divide 66801442?
True
Is 8951885 a multiple of 1412?
False
Is 16 a factor of 693120144?
True
Is 538 a factor of 14344694?
True
Is 1930024294 a multiple of 1141?
False
Does 3 divide 16671798?
True
Is 13027476 a multiple of 276?
True
Is 150821656 a multiple of 773?
False
Is 34950982 a multiple of 11?
True
Is 209 a factor of 1059935767?
True
Is 182 a factor of 12503036?
True
Does 1137 divide 718990232?
False
Is 190725352 a multiple of 8?
True
Is 1441 a factor of 323151455?
True
Is 8 a factor of 250257392?
True
Is 24 a factor of 40455936?
True
Is 75299280 a multiple of 15?
True
Is 1817266230 a multiple of 711?
True
Is 57419390 a multiple of 14?
True
Is 19964450 a multiple of 10?
True
Is 4 a factor of 8628520?
True
Is 17 a factor of 20839773?
True
Does 163 divide 16648359?
False
Is 30195696 a multiple of 158?
True
Does 3 divide 31336125?
True
Is 294708075 a multiple of 13?
False
Does 2408 divide 685603116?
False
Is 22 a factor of 1316198027?
False
Is 1839 a factor of 8452583?
False
Is 248 a factor of 886736403?
False
Is 88 a factor of 65769588?
False
Is 934 a factor of 82870284?
False
Is 33373092 a multiple of 92?
True
Does 249 divide 486327129?
True
Is 285 a factor of 200941711?
False
Is 60 a factor of 1691016928?
False
Does 83 divide 4030118286?
True
Is 31 a factor of 903339757?
False
Is 55 a factor of 31649585?
True
Does 2 divide 13033797?
False
Is 2284568517 a multiple of 167?
True
Does 2 divide 5360954?
True
Is 697 a factor of 23151444?
False
Does 92 divide 219977244?
True
Is 2434762286 a multiple of 621?
False
Is 59 a factor of 189842671?
False
Does 373 divide 89193625?
True
Does 308 divide 12469688?
True
Does 195 divide 95282655?
True
Is 29378736 a multiple of 36?
True
Is 1449 a factor of 72259735?
False
Is 77904589 a multiple of 109?
True
Is 3 a factor of 11520963?
True
Does 323 divide 6206974?
False
Is 342676802 a multiple of 363?
False
Is 251945738 a multiple of 61?
True
Is 2550 a factor of 8295150?
True
Does 662 divide 86668378?
True
Is 1001 a factor of 49434385?
True
Is 65 a factor of 29302000?
True
Does 8 divide 46027478?
False
Is 62619057 a multiple of 9?
True
Is 103 a factor of 266893587?
False
Is 42147672 a multiple of 406?
True
Does 56 divide 415298744?
True
Is 158 a factor of 80017772?
False
Does 4935 divide 1655460555?
True
Is 2561025815 a multiple of 4205?
True
Is 153 a factor of 74687742?
False
Does 5598 divide 1678515586?
False
Is 492 a factor of 48987948?
True
Is 37 a factor of 30253753?
True
Does 115 divide 7493710874?
False
Is 3789 a factor of 357780258?
False
Does 1902 divide 1196102452?
False
Is 55 a factor of 254040765?
True
Is 1171193862 a multiple of 12?
False
Is 2 a factor of 279525591?
False
Is 109007340 a multiple of 195?
True
Is 19257570 a multiple of 1506?
False
Does 3 divide 439650338?
False
Does 748 divide 2400904968?
True
Is 101812967 a multiple of 63?
False
Is 10466900 a multiple of 100?
True
Is 254493 a multiple of 3?
True
Does 214 divide 498018803?
False
Does 33 divide 89559388?
False
Is 1040296552 a multiple of 419?
True
Does 103 divide 29752477?
True
Is 3462 a factor of 383641530?
True
Is 2047 a factor of 882600896?
True
Does 25 divide 5539341285?
False
Is 2709048 a multiple of 167?
False
Does 5151 divide 864981675?
True
Is 27045261 a multiple of 74?
False
Does 12 divide 7547376?
True
Is 310813080 even?
True
Does 1162 divide 433333778?
False
Does 1891 divide 116606624?
True
Is 383 a factor of 508915080?
True
Does 92 divide 22553064?
True
Is 265 a factor of 29696960?
True
Is 3482483539 a multiple of 19?
False
Is 8541 a factor of 1483349634?
True
Is 76 a factor of 50314715?
False
Is 50 a factor of 257421300?
True
Is 5 a factor of 100258391?
False
Is 1342147539 a multiple of 6824?
False
Is 28833376 a multiple of 22?
True
Does 9 divide 76546962?
True
Is 962775093 a multiple of 5253?
True
Is 13925890 a multiple of 374?
True
Is 85 a factor of 12967026?
False
Does 95 divide 800375681?
False
Is 20 a factor of 2508423579?
False
Is 577765554 a multiple of 1867?
True
Is 28449564 a multiple of 354?
True
Is 36 a factor of 23877684?
True
Is 1167 a factor of 465981565?
False
Is 51 a factor of 22879671?
True
Is 811082951 a multiple of 287?
True
Does 3791 divide 1109208690?
True
Is 25 a factor of 3308067?
False
Is 261 a factor of 4177813?
False
Is 435 a factor of 236325495?
True
Is 32 a factor of 43406016?
True
Is 853 a factor of 44140191?
True
Does 2418 divide 78335946?
True
Is 580 a factor of 170152675?
False
Is 2 a factor of 80863692?
True
Does 12 divide 44734250?
False
Is 15755195 a multiple of 790?
False
Is 100 a factor of 611423500?
True
Is 584317619 a multiple of 9?
False
Does 18 divide 63110047?
False
Is 14542497 a multiple of 153?
True
Is 1408320780 a multiple of 635?
True
Is 10 a factor of 115311860?
True
Is 1114461324 a multiple of 12?
True
Is 121353406 a multiple of 3628?
False
Does 1031 divide 10396564?
False
Is 14 a factor of 10366902?
True
Is 2525 a factor of 8809725?
True
Is 53 a factor of 1017756745?
False
Does 17 divide 170720596?
True
Is 391787832 a multiple of 8?
True
Is 538 a factor of 143331808?
True
Does 3491 divide 1061930659?
False
Is 36 a factor of 78452748?
True
Is 262973147 a multiple of 372?
False
Does 50 divide 772678843?
False
Is 71814623 a multiple of 59?
True
Is 54517280 a multiple of 5?
True
Does 2172 divide 39065592?
True
Does 22 divide 1244841136?
True
Does 63 divide 32489856?
True
Is 4002 a factor of 58773372?
True
Is 45215835 a multiple of 105?
True
Does 114 divide 47641284?
True
Does 106 divide 540918?
True
Does 65 divide 226950699?
False
Is 23934015 a multiple of 31?
True
Does 3560 divide 480991600?
True
Does 2005 divide 119912617?
False
Does 133 divide 2696683741?
False
Is 150 a factor of 1846162393?
False
Is 228915845 a multiple of 10?
False
Is 1598301341 a multiple of 33?
False
Is 82195384 a multiple of 542?
True
Is 15502950 a multiple of 1466?
True
Is 1109 a factor of 220686564?
True
Is 1423 a factor of 71391910?
True
Is 13160987 a multiple of 2569?
True
Does 712 divide 48843200?
True
Does 255 divide 53309300?
False
Is 597 a factor of 133055717?
False
Does 55 divide 183956047?
False
Does 3558 divide 920292391?
False
Does 303 divide 58789272?
True
Is 92 a factor of 15246778?
False
Is 52855026 a multiple of 14?
True
Is 70 a factor of 252301490?
True
Is 16 a factor of 7645029?
False
Does 7802 divide 711862282?
True
Is 5077436 a multiple of 1508?
True
Is 18111405 a multiple of 393?
True
Is 3625 a factor of 140205999?
False
Does 92 divide 41219137?
False
Is 4743162 a multiple of 18?
True
Does 1454 divide 846261442?
True
Is 2374 a factor of 430413322?
True
Is 792609624 a multiple of 1311?
True
Is 11 a factor of 188092774?
False
Is 90489440 a multiple of 269?
False
Does 38 divide 51773098?
False
Is 2492 a factor of 1524256720?
True
Is 123 a factor of 23976614?
False
Is 16 a factor of 22519695?
False
Is 43522855 a multiple of 275?
False
Is 79 a factor of 24555491?
True
Does 4221 divide 1267423945?
False
Does 145 divide 8067870?
False
Is 4464212814 a multiple of 67?
True
Is 136 a factor of 874108312?
True
Does 208 divide 382246508?
False
Is 1236 a factor of 21523557?
False
Is 48597916 a multiple of 4492?
False
Is 33726534 a multiple of 135?
False
Does 1176 divide 560339304?
True
Is 161 a factor of 166779900?
True
Does 76 divide 4462548316?
True
Is 2354 a factor of 192584626?
False
Is 60 a factor of 74577383?
False
Does 61 divide 120340007?
True
Is 72413224 a multiple of 18?
False
Does 30 divide 44235741?
False
Is 7 a factor of 36529920?
True
Does 11351 divide 4207747594?
True
Is 2791 a factor of 681780423?
False
Is 2151 a factor of 2369100645?
True
Does 884 divide 22156576?
True
Is 100 a factor of 285164298?
False
Is 10 a factor of 8708870?
True
Is 2680 a factor of 139349280?
True
Does 824 divide 965159436?
False
Is 6239985 a multiple of 35?
False
Does 5066 divide 96958174?
True
Is 6 a factor of 7180752?
True
Is 3721893574 a multiple of 2936?
False
Does 4 divide 9323478?
False
Is 14408269 a multiple of 178?
False
Is 1221 a factor of 399220602?
True
Is 6287600 a multiple of 110?
True
Does 636 divide 71666388?
True
Is 26002180 a m